{"id":97,"date":"2024-11-11T16:41:49","date_gmt":"2024-11-11T16:41:49","guid":{"rendered":"https:\/\/rs.emanuelaboron.eu\/blog\/?page_id=97"},"modified":"2024-11-19T10:15:59","modified_gmt":"2024-11-19T10:15:59","slug":"kinesiologia","status":"publish","type":"page","link":"http:\/\/rs.emanuelaboron.eu\/blog\/kinesiologia\/","title":{"rendered":"Kinesiologia"},"content":{"rendered":"\n<p><\/p>\n\n\n<div class=\"wp-block-image\">\n<figure class=\"alignleft size-full is-resized\"><img data-recalc-dims=\"1\" loading=\"lazy\" decoding=\"async\" width=\"1024\" height=\"1024\" src=\"https:\/\/i0.wp.com\/rs.emanuelaboron.eu\/blog\/wp-content\/uploads\/2024\/11\/manutrade3333_87826_una_donna_kinesiologa_che_fa_il_test_musc_48f71a80-f9db-4dc4-9885-60038172d179_0.png?resize=1024%2C1024\" alt=\"\" class=\"wp-image-120\" style=\"width:369px;height:auto\" srcset=\"https:\/\/i0.wp.com\/rs.emanuelaboron.eu\/blog\/wp-content\/uploads\/2024\/11\/manutrade3333_87826_una_donna_kinesiologa_che_fa_il_test_musc_48f71a80-f9db-4dc4-9885-60038172d179_0.png?w=1024 1024w, https:\/\/i0.wp.com\/rs.emanuelaboron.eu\/blog\/wp-content\/uploads\/2024\/11\/manutrade3333_87826_una_donna_kinesiologa_che_fa_il_test_musc_48f71a80-f9db-4dc4-9885-60038172d179_0.png?resize=300%2C300 300w, https:\/\/i0.wp.com\/rs.emanuelaboron.eu\/blog\/wp-content\/uploads\/2024\/11\/manutrade3333_87826_una_donna_kinesiologa_che_fa_il_test_musc_48f71a80-f9db-4dc4-9885-60038172d179_0.png?resize=150%2C150 150w, https:\/\/i0.wp.com\/rs.emanuelaboron.eu\/blog\/wp-content\/uploads\/2024\/11\/manutrade3333_87826_una_donna_kinesiologa_che_fa_il_test_musc_48f71a80-f9db-4dc4-9885-60038172d179_0.png?resize=768%2C768 768w\" sizes=\"auto, (max-width: 1024px) 100vw, 1024px\" \/><\/figure>\n<\/div>\n\n\n<p><\/p>\n\n\n\n<p style=\"font-size:20px\">Hai mai sentito parlare della kinesiologia? No, non \u00e8 un nuovo tipo di yoga o una dieta stravagante. \u00c8 un approccio davvero interessante che si concentra sul movimento e l&#8217;energia del nostro corpo per aiutarci a sentirci meglio.<\/p>\n\n\n\n<p style=\"font-size:20px\">La kinesiologia si basa sull&#8217;idea che il nostro corpo abbia una straordinaria capacit\u00e0 di autoguarigione. I professionisti usano tecniche come il test muscolare per capire cosa sta succedendo al nostro interno. Questo test \u00e8 una sorta di &#8220;comunicazione&#8221; con i muscoli per scoprire dove potrebbero esserci dei piccoli squilibri energetici. Affascinante, vero?<\/p>\n\n\n\n<p style=\"font-size:20px\">Immagina un praticante che applica una leggera pressione su uno dei tuoi muscoli mentre esegui un movimento. Se il muscolo risponde bene, tutto ok. Se invece \u00e8 debole, potrebbe essere un segnale che qualcosa non va. \u00c8 un modo per ascoltare il tuo corpo in un linguaggio che forse non abbiamo mai usato prima.<\/p>\n\n\n\n<p style=\"font-size:20px\">Quello che rende la kinesiologia cos\u00ec interessante \u00e8 la sua capacit\u00e0 di aiutarci in diversi aspetti della nostra vita. Che si tratti di ridurre lo stress, migliorare le prestazioni sportive, o semplicemente scoprire perch\u00e9 quel cibo ci fa gonfiare, la kinesiologia potrebbe offrire delle risposte.<\/p>\n\n\n\n<p style=\"font-size:20px\">Ricorda, per\u00f2, che la kinesiologia non intende sostituire le cure mediche tradizionali. \u00c8 piuttosto un fantastico strumento complementare per raggiungere un equilibrio generale.<\/p>\n\n\n\n<p style=\"font-size:20px\"><\/p>\n\n\n\n<p style=\"font-size:24px\"><\/p>\n","protected":false},"excerpt":{"rendered":"<p>Hai mai sentito parlare della kinesiologia? No, non \u00e8 un nuovo tipo di yoga o una dieta stravagante. \u00c8 un approccio davvero interessante che si concentra sul movimento e l&#8217;energia del nostro corpo per aiutarci a sentirci meglio. La kinesiologia si basa sull&#8217;idea che il nostro corpo abbia una straordinaria capacit\u00e0 di autoguarigione. I professionisti&hellip;&nbsp;<a href=\"http:\/\/rs.emanuelaboron.eu\/blog\/kinesiologia\/\" rel=\"bookmark\">Leggi tutto &raquo;<span class=\"screen-reader-text\">Kinesiologia<\/span><\/a><\/p>\n","protected":false},"author":4,"featured_media":0,"parent":0,"menu_order":0,"comment_status":"closed","ping_status":"closed","template":"","meta":{"neve_meta_sidebar":"","neve_meta_container":"","neve_meta_enable_content_width":"","neve_meta_content_width":0,"neve_meta_title_alignment":"","neve_meta_author_avatar":"","neve_post_elements_order":"","neve_meta_disable_header":"","neve_meta_disable_footer":"","neve_meta_disable_title":"","advanced_seo_description":"","jetpack_seo_html_title":"","jetpack_seo_noindex":false,"footnotes":""},"class_list":["post-97","page","type-page","status-publish","hentry"],"jetpack_likes_enabled":true,"jetpack_sharing_enabled":true,"_links":{"self":[{"href":"http:\/\/rs.emanuelaboron.eu\/blog\/wp-json\/wp\/v2\/pages\/97","targetHints":{"allow":["GET"]}}],"collection":[{"href":"http:\/\/rs.emanuelaboron.eu\/blog\/wp-json\/wp\/v2\/pages"}],"about":[{"href":"http:\/\/rs.emanuelaboron.eu\/blog\/wp-json\/wp\/v2\/types\/page"}],"author":[{"embeddable":true,"href":"http:\/\/rs.emanuelaboron.eu\/blog\/wp-json\/wp\/v2\/users\/4"}],"replies":[{"embeddable":true,"href":"http:\/\/rs.emanuelaboron.eu\/blog\/wp-json\/wp\/v2\/comments?post=97"}],"version-history":[{"count":6,"href":"http:\/\/rs.emanuelaboron.eu\/blog\/wp-json\/wp\/v2\/pages\/97\/revisions"}],"predecessor-version":[{"id":165,"href":"http:\/\/rs.emanuelaboron.eu\/blog\/wp-json\/wp\/v2\/pages\/97\/revisions\/165"}],"wp:attachment":[{"href":"http:\/\/rs.emanuelaboron.eu\/blog\/wp-json\/wp\/v2\/media?parent=97"}],"curies":[{"name":"wp","href":"https:\/\/api.w.org\/{rel}","templated":true}]}}